4494?
14
Calculate the greatest common factor of 20644146 and 304.
38
What is the greatest common factor of 302104 and 152?
8
Calculate the greatest common factor of 4870 and 44317.
487
What is the highest common factor of 426059126 and 984?
82
Calculate the greatest common divisor of 330297181 and 46.
23
What is the greatest common divisor of 27540 and 3252780?
3060
Calculate the highest common divisor of 1326 and 10770435.
663
Calculate the highest common factor of 1631560 and 23912.
56
Calculate the greatest common factor of 116810031 and 1196.
299
Calculate the highest common divisor of 368 and 1027768.
8
What is the highest common divisor of 266 and 1048420?
38
Calculate the greatest common divisor of 34558 and 888.
74
Calculate the highest common factor of 3114745 and 180.
5
What is the highest common factor of 2901969 and 121783?
631
What is the highest common divisor of 244481525 and 75?
25
What is the highest common divisor of 35300 and 1046998?
706
Calculate the greatest common factor of 122042 and 561042.
878
What is the highest common factor of 23432 and 22707628?
404
What is the greatest common factor of 28 and 7932981?
7
Calculate the greatest common factor of 12274 and 355375259.
6137
Calculate the greatest common factor of 45201 and 246696.
57
Calculate the highest common factor of 2587868 and 69.
23
Calculate the greatest common factor of 529994057 and 34.
17
Calculate the highest common factor of 164950 and 12400.
50
What is the highest common factor of 738 and 57819?
3
What is the greatest common divisor of 41943 and 111919176?
3813
What is the greatest common divisor of 2026 and 1189957931?
1013
Calculate the greatest common divisor of 945 and 65863665.
945
What is the highest common divisor of 332387 and 103033?
41
What is the greatest common factor of 41947252 and 6754?
614
What is the greatest common factor of 2068737 and 463287?
4587
What is the greatest common factor of 342 and 2574018?
18
Calculate the greatest common divisor of 12972 and 57732.
12
Calculate the greatest common factor of 3017490 and 17990.
70
What is the highest common divisor of 6191634 and 56772?
498
What is the greatest common divisor of 8107861 and 527?
17
Calculate the highest common divisor of 15081 and 88379687.
5027
Calculate the highest common factor of 37014 and 32636.
398
What is the greatest common factor of 507416 and 374?
34
What is the greatest common factor of 14785706 and 299738?
4106
What is the greatest common factor of 1293658860 and 13260?
13260
Calculate the highest common divisor of 62183688 and 168.
168
Calculate the greatest common divisor of 3634862 and 28.
14
Calculate the greatest common factor of 3251171 and 154.
77
What is the greatest common divisor of 962 and 2350721?
37
Calculate the greatest common factor of 6108 and 92236908.
6108
What is the greatest common factor of 73989 and 285?
3
Calculate the greatest common divisor of 117 and 1983761.
13
Calculate the highest common divisor of 3645664 and 946.
22
What is the highest common factor of 1527387 and 2678?
103
Calculate the greatest common factor of 45178104 and 24.
24
Calculate the greatest common factor of 1367692 and 10592.
1324
What is the highest common divisor of 894744 and 37109?
43
Calculate the greatest common divisor of 50 and 203063325.
25
What is the greatest common factor of 1043391 and 9753889?
5191
What is the greatest common factor of 3614787 and 5643?
297
What is the highest common divisor of 236640228 and 3904?
244
What is the highest common factor of 986 and 38255814?
986
What is the greatest common factor of 32539460 and 124?
124
What is the highest common factor of 3869400 and 1800?
600
What is the highest common divisor of 39433526 and 528?
22
What is the highest common divisor of 2792076 and 7052?
172
Calculate the highest common factor of 4385 and 9500.
5
Calculate the greatest common factor of 42940 and 437536.
452
What is the greatest common divisor of 324044 and 1337924?
1988
What is the highest common divisor of 330 and 270305376?
66
Calculate the highest common factor of 71489 and 4532.
11
Calculate the highest common factor of 56393324 and 206.
206
What is the highest common divisor of 985 and 28193261?
197
What is the greatest common divisor of 2280 and 402344?
152
Calculate the greatest common factor of 885125 and 9875.
125
Calculate the greatest common divisor of 10368 and 25476096.
384
Calculate the greatest common factor of 139133780 and 140.
20
What is the highest common divisor of 15156766 and 1776776?
10834
Calculate the greatest common factor of 15753 and 1257231.
177
Calculate the greatest common factor of 242641917 and 56.
7
Calculate the highest common factor of 27392 and 240322.
214
What is the highest common divisor of 14794 and 1686230?
26
What is the greatest common divisor of 350807 and 7750849?
6619
Calculate the greatest common factor of 560 and 236360.
40
What is the greatest common factor of 12 and 10252497?
3
Calculate the highest common factor of 11 and 195305.
11
Calculate the highest common factor of 6496 and 30471112.
1624
Calculate the highest common divisor of 174 and 4857.
3
Calculate the highest common factor of 5292 and 30863784.
84
Calculate the greatest common divisor of 6432 and 21147.
3
Calculate the highest common divisor of 579498944 and 18880.
3776
What is the highest common factor of 23235876 and 1464?
732
Calculate the highest common factor of 219815965 and 8405.
8405
What is the greatest common divisor of 226557911 and 14488?
1811
What is the highest common factor of 3339 and 8418361?
371
What is the greatest common divisor of 250 and 8166890?
10
Calculate the greatest common factor of 675 and 586475.
25
What is the highest common factor of 5998 and 445492453?
2999
What is the greatest common divisor of 5760 and 110811600?
720
What is the highest common factor of 6861065 and 1835?
1835
What is the greatest common factor of 17084 and 296539801?
4271
Calculate the highest common divisor of 1116 and 3297594.
186
Calculate the highest common factor of 1008 and 42457016.
56
What is the highest common factor of 57375 and 174420?
2295
Calculate the highest common divisor of 480766 and 5434.
286
What is the highest common factor of 2506140 and 8580?
780
Calculate the greatest common factor of 48141 and 1191409515.
16047
Calculate the greatest common factor of 2260347 and 348.
87
What is the greatest common factor of 6375 and 27285?
255
What is the highest common factor of 278221 and 915?
61
Calculate the highest common factor of 77684127 and 9657.
3219
What is the highest common divisor of 41 and 39212441?
41
Calculate the highest common factor of 2380 and 87136560.
2380
Calculate the highest common divisor of 95184 and 41184.
144
Calculate the highest common divisor of 840 and 434392.
56
Calculate the greatest common factor of 10 and 134913905.
5
Calculate the highest common divisor of 127458 and 2965698.
1314
Calculate the greatest common divisor of 7671428 and 3277.
29
Calculate the highest common divisor of 184103298 and 27.
9
What is the greatest common factor of 3402357 and 189?
21
Calculate the highest common factor of 57 and 944256338.
19
Calculate the highest common factor of 7649446 and 11123.
1589
What is the highest common divisor of 129472 and 20946688?
448
Calculate the greatest common factor of 1436162 and 7098.
2366
What is the greatest common factor of 15 and 99942995?
5
Calculate the greatest common factor of 39242 and 2415.
7
Calculate the highest common divisor of 4005 and 367043031.
801
Calculate the greatest common factor of 188486 and 15914.
146
Calculate the highest common divisor of 88923680 and 21475.
4295
Calculate the highest common divisor of 1197 and 209342.
133
What is the greatest common divisor of 6753994 and 6110?
1222
What is the highest common divisor of 244 and 1370560?
4
Calculate the greatest common divisor of 211700 and 6844.
116
What is the highest common divisor of 33558 and 465817?
799
Calculate the highest common divisor of 1686864 and 20526.
1866
What is the greatest common divisor of 33242412 and 68?
68
What is the greatest common divisor of 7470 and 22036770?
90
What is the highest common factor of 180173 and 318696?
49
What is the highest common diviso